actor of x and 288.
32
Let g(l) = -l**3 - 10*l**2 + 11*l + 3. Let h be g(-11). Let u be (-1)/h - -2*5047/42. Calculate the greatest common divisor of 30 and u.
30
Let j be ((-144)/27)/(13/(-156)). Let v be 0/4 + (1 - -2). Suppose 100 + 44 = v*u. Calculate the greatest common factor of u and j.
16
Let o(p) = p**2 - 3*p. Let v be o(0). Suppose -2*m + 354 = 5*j, v = -4*m + 5*m - 2. What is the greatest common factor of 10 and j?
10
Suppose 77*q = -76*q + 6415 + 6437. What is the greatest common factor of q and 105?
21
Suppose 171*p - 5853 = 158*p + 3169. What is the greatest common divisor of 2 and p?
2
Let k = -7 + 70. Let l be (-167068)/(-204) - (-2)/51. Calculate the greatest common divisor of k and l.
63
Suppose -686 = -7*q + 805. Let v = q - 132. Calculate the greatest common divisor of v and 216.
27
Suppose 2*h - 95 = -3*y, -40*y + 46*y = -5*h + 185. Suppose -1 + 51 = 4*p + 5*r, -2*r = 4. Calculate the highest common divisor of y and p.
5
Suppose j + 19 = 22. Let u(k) = -2*k - 7. Let i be u(-7). Suppose -4*s - 20 = 0, a - 117 + i = j*s. Calculate the greatest common divisor of a and 19.
19
Suppose 0 = 20*u - 16*u, 1143 = -5*i + 3*u + 5268. What is the greatest common factor of 264 and i?
33
Let n be 78/((-495)/(-150) - 3). What is the highest common divisor of 676 and n?
52
Let u = -14837 + 14888. Calculate the highest common factor of u and 1751.
17
Let w = 342 - 354. Let u = -2 - w. Suppose -158 = -5*s - 0*c - 4*c, 3*c = 4*s - 114. Calculate the highest common factor of s and u.
10
Let w be (201 - 180) + (0 + -1)*6/6. Calculate the greatest common factor of 18580 and w.
20
Suppose 0*i - 156 = -5*i + 3*m, -i + 28 = m. Let d = i + -50. Let u be (-656)/d + 3 + (-1)/(-5). Calculate the highest common factor of u and 24.
12
Let r(p) = -2*p**3 - 5*p**2 + 9. Let j(q) = -3*q**2 - 4*q - 4. Let m be j(-1). Let c be r(m). What is the greatest common factor of c and 3?
3
Let j(x) = -4*x**3 + 2*x**2 + x + 2844. Let a be j(0). What is the greatest common factor of 180 and a?
36
Suppose 4*d - 44 = 124. Let j = 67 - 50. Let v = 4 + j. Calculate the highest common factor of v and d.
21
Let i be 16 + 5715/(-360) - (0 + 1630/(-16)). What is the greatest common divisor of i and 3417?
51
Let f be ((-147)/133 - -1) + -841*(-325)/95. What is the highest common factor of 21 and f?
21
Let g = -8145 - -8442. Calculate the highest common factor of 999 and g.
27
Let s be ((-63)/(-27))/((-2)/18) - 2. Let l = 31 + s. Let m(b) = b**2 - 6*b + 23. Let d be m(l). What is the highest common factor of 13 and d?
13
Let p = 39 + -16. Let i(w) = -300*w - 1729. Let a be i(-6). Suppose -3*z = -a + p. What is the highest common divisor of 16 and z?
16
Let x = -51 + 25. Let y = -20 - x. Suppose -5*j - 13*r + 14*r = -32, 2*j + 4*r = 4. What is the highest common factor of j and y?
6
Suppose 161*c = 156*c + 885. Suppose -4*h + q = -c, 2*h = -2*q + 4*q + 84. What is the greatest common factor of 5 and h?
5
Let b = -416 + 128. Let p(o) = -146*o. Let i be p(-4). Let c = b + i. Calculate the highest common factor of 37 and c.
37
Suppose -62 = -2*b + 4. Suppose 2*m - 3 - 7 = 0, 30005 = 5*t + 3*m. Suppose -1262 - t = -20*r. What is the greatest common divisor of r and b?
33
Let a(r) = -2*r**3 - 14*r**2 - 12*r - 2. Let g be a(-9). Let u = g - 410. What is the highest common factor of u and 580?
20
Let h = 41391 + -39740. Calculate the greatest common factor of 104 and h.
13
Let z(k) = 3*k**2 - 5*k + 2. Let c = -16 + 26. Let q be z(c). Calculate the highest common factor of 21 and q.
21
Let p(z) = -47*z**2 + 1. Let o be p(-1). Suppose 0 = -i - 2*x + 78, -7*i - 4*x = -3*i - 324. Let k = i + o. What is the greatest common factor of k and 342?
38
Suppose -6324 = -11*m + 4951. Calculate the highest common divisor of 25 and m.
25
Let q = 5 + -1. Suppose q*s + 25 - 385 = 0. Let t be (55/15)/(3/s). What is the highest common divisor of t and 10?
10
Let t = 7479 - 6327. What is the greatest common divisor of 216 and t?
72
Suppose -s + 15 + 44 = 3*u, -4*s + 5 = u. Let g = 88 - -136. What is the highest common factor of u and g?
7
Let w = 7402 - 3892. Calculate the highest common divisor of w and 2970.
270
Let d be ((1 - 5)/2)/2. Let h be (-2234)/(-9) + d/((-54)/(-12)). Suppose -9*x + 5*x + h = 0. What is the greatest common factor of 93 and x?
31
Let q(l) = -2*l**2 + 33*l - 46. Let m be q(15). Let f be (m + -35)/(10 - 8 - 3). Calculate the greatest common factor of f and 90.
18
Suppose -2*j + 4*g - 2*g = 230, -5*j - 3*g = 551. Let l = 275 - j. Let i be 2/(-7) - l/(-7). What is the greatest common factor of 5 and i?
5
Suppose -5*y - 9 + 146 = -2*v, 5*y - 107 = -3*v. Calculate the highest common divisor of y and 235.
5
Suppose -3*r + 3*m + 911 + 1858 = 0, r + 3*m - 907 = 0. Suppose 10*b - r = 31. What is the highest common divisor of b and 5?
5
Let d be (-15)/3 - ((-9)/(-9) - 10086). Calculate the highest common factor of d and 15.
15
Suppose w + 1729 = 2*d, 4*d - 4*w + 0*w - 3460 = 0. Calculate the highest common divisor of 30 and d.
6
Let n = 183 + -395. Let l be -6*(-2)/4 - n. Calculate the greatest common divisor of l and 10.
5
Let c = -1456 + 1512. What is the highest common divisor of c and 488?
8
Let n(z) = z**2 + 11*z - 34. Let b be n(-13). Let a = b + 33. What is the highest common factor of 100 and a?
25
Let i(f) = -13*f**2 - 101*f + 480. Let q(a) = 18*a**2 + 152*a - 720. Let d(c) = 7*i(c) + 5*q(c). Let t be d(38). What is the greatest common factor of t and 60?
30
Let q = 84 - 79. Suppose 2*k - 13 = -q*h, 3*h = -0 - 3. Let m(n) = 3*n + 6. Let x be m(k). Calculate the highest common factor of 22 and x.
11
Let h be ((-14)/56*-2)/(2/2784). What is the greatest common divisor of 2 and h?
2
Let q = -47 + 47. Let m(t) = -3*t + 1. Let z be m(q). Let w be -4*z/(-3)*(-105)/(-14). What is the greatest common divisor of 90 and w?
10
Let n be 14913/37 + 6/(-111). What is the greatest common divisor of n and 91?
13
Let u(w) = w**3 - 25*w**2 + 46*w + 96. Let a be u(23). Calculate the highest common factor of 2528 and a.
32
Let u be (-210736)/(-82) + (-866)/(-17753). Calculate the highest common divisor of u and 40.
10
Let m(a) = -a**3 + 7*a + 240. Let z be m(0). Suppose -2*d - 14*d = -z. What is the highest common divisor of d and 135?
15
Let j be 5/(-3)*(132 - 234). What is the greatest common factor of j and 1054?
34
Let o(n) = -33*n + 473. Let k be o(11). What is the highest common factor of k and 385?
55
Let d be -1 + 5 + -4 + -9. Let l(c) = -c**2 - 10*c - 4. Let n be l(d). What is the greatest common factor of 5 and n?
5
Let o = 2642 + -2478. What is the greatest common divisor of o and 2788?
164
Suppose 8492 = -j + 5*j - 5*r, 10660 = 5*j + 5*r. Calculate the greatest common divisor of 224 and j.
112
Suppose 101 = 15*m - 2434. Suppose -3*u + 232 + 283 = -d, 3*d = u - m. Calculate the highest common factor of 43 and u.
43
Let s be (-462)/(-12) - (-105)/70. What is the greatest common divisor of s and 80?
40
Let j be -6*16/64*2/(-3) + 3808. What is the greatest common divisor of 26 and j?
13
Let b be ((16/20)/((-6)/(-30)) - 4) + 1228. Calculate the greatest common factor of b and 4.
4
Suppose -1397 = -s + 3*v - 1373, 0 = 2*v - 2. What is the highest common factor of s and 1329?
3
Let x = 714 - 714. Suppose 5*a + 491 - 4541 = x. What is the highest common divisor of a and 45?
45
Let s be ((-151)/4)/((-12)/48). Let c = 263 - s. What is the greatest common factor of 16 and c?
16
Suppose 73*o - 177444 = -20*o. Calculate the greatest common factor of 36 and o.
36
Let i = 9410 - 9356. What is the highest common divisor of i and 2466?
18
Let g = -224 + 376. Suppose 6*i + 25 = 1. Let u(d) = -d**3 + d**2 + 16*d + 3. Let n be u(i). Calculate the greatest common factor of n and g.
19
Let r(c) = -8*c + 26. Let a be r(4). Let z(i) = i**3 + 21*i**2 + 20*i - 4. Let q be z(a). What is the greatest common factor of q and 13?
13
Suppose -3*a = -3*l + 21, -l - 8*a + 25 = -3*a. What is the greatest common factor of 128 and l?
2
Let q = 925 + -723. Suppose -31 + q = 19*i. What is the highest common divisor of 5 and i?
1
Suppose -32*z = -339*z + 3013278 + 57950. What is the highest common factor of 183 and z?
61
Let p(y) = -16*y + 139. Let g be p(-10). Let b(u) = 15*u**2 - 360*u + 13. Let r be b(24). What is the highe